 the prime factors of f?
3
Suppose -25*u + 216 = -23*u. Let y = 238 - u. What are the prime factors of y?
2, 5, 13
Let m(d) = d**3 + 5*d**2 - 7*d - 3. Let a be m(-6). Suppose a*c - 325 = -2*c. Suppose -5*n + 35 + c = 0. What are the prime factors of n?
2, 5
Let c(j) be the second derivative of 0 + 3*j - 1/2*j**2 + 1/4*j**4 + 1/6*j**3. What are the prime factors of c(-2)?
3
Suppose -5*a + 1070 = -5*k, 3*k - 9 = 3. Suppose -946 = -6*i + a. What are the prime factors of i?
2, 97
Let m = 293 + -25. What are the prime factors of 4/(-6) + (3 - m/(-6))?
47
Let i = 25 - 20. Suppose -i*q + 78 + 167 = 0. List the prime factors of q.
7
Let g be (-6)/2 + (9 - -39). Let m = g + -23. What are the prime factors of m?
2, 11
Suppose -2810 = -b - 5*u, 10*b - 4*u - 5550 = 8*b. List the prime factors of b.
5, 557
Suppose -2 + 7 = 5*l, 0 = 5*a + 3*l - 108. List the prime factors of 1 + a - (5 + -6).
23
Let z = 1047 - 645. What are the prime factors of z?
2, 3, 67
Let i(v) = 3*v**2 - 3. What are the prime factors of i(-15)?
2, 3, 7
Let g(w) = -w**3 - 2*w**2 - w. Let r be g(-2). Let a be r - (11 - (-9)/(-3)). Let y = 0 - a. List the prime factors of y.
2, 3
Let t(z) = 2*z - 24. Let w be t(-11). Let s = 16 - w. List the prime factors of s.
2, 31
Let x(w) be the first derivative of 3/2*w**2 - 5*w + w**3 - 6. What are the prime factors of x(4)?
5, 11
Let k = -445 - -671. What are the prime factors of k?
2, 113
Let i be (1*-1)/(9/(-144)). Let r = i + -2. Suppose 4*m - 106 + r = 0. What are the prime factors of m?
23
Let o(i) = -959*i - 518. List the prime factors of o(-6).
2, 7, 11, 17
Suppose 4*k - 18*m + 19*m = 252, -2*m = 0. What are the prime factors of k?
3, 7
Let z = -48 - -50. Suppose 4*v + 3*c - 108 = 7*c, -5*v = -z*c - 126. What are the prime factors of v?
2, 3
Let s(k) = 9*k**3 - k**2 + 5*k - 1. Suppose 3*j = 5 + 1. List the prime factors of s(j).
7, 11
Suppose 2140 = -5*u - 8*k + 3*k, 0 = 3*u - 2*k + 1309. Let q be 5/(-15) + u/(-3). Let c = q + -95. What are the prime factors of c?
7
Let g(f) be the first derivative of f**3/3 - 5*f - 2. List the prime factors of g(-4).
11
Suppose 0 = 19*u + 13*u - 736. What are the prime factors of u?
23
Let d(u) = -5*u - 4 + u**2 - 2*u**2 + 4*u + 3. Let n(t) = -4*t**2 + 11*t - 8. Let x(r) = 3*d(r) - n(r). List the prime factors of x(14).
5
Let h(p) = -p**2. Let u(x) = 4*x**2 + 16. Let d(m) = 5*h(m) + u(m). Suppose o + 5*n + 10 = 5*o, 0 = -n - 2. What are the prime factors of d(o)?
2
Suppose 0 = 3*p + z - 7, 0 = -p + 5*p + 3*z - 1. What are the prime factors of -2 + 1 + (67 - 12) + p?
2, 29
What are the prime factors of -3 - -8*(39 - -4)?
11, 31
Suppose 0*v - 3*q = 3*v - 786, q = -4. Suppose 5*k = 54 + v. List the prime factors of k.
2
Suppose -m + 3 = -21. Suppose 0 = -0*p - 4*p + m. Let r = p - -4. List the prime factors of r.
2, 5
Let g = 956 - 491. List the prime factors of g.
3, 5, 31
Let b be (-1)/(((-21)/18)/(-7)). List the prime factors of ((-148)/b)/((-4)/(-12)).
2, 37
Let d = 67 + 9. What are the prime factors of d?
2, 19
Suppose -h + 8 = 6. Suppose 3*j - 3*u = 2*u + 99, 2*j = -h*u + 82. What are the prime factors of j?
2, 19
Let t(w) = -2*w + 1. Let h be t(4). Let a(l) = -l**2 + 10*l + 5. Let q be a(9). Let u = q - h. What are the prime factors of u?
3, 7
Suppose 18 + 24 = -n. Let s be 22/7 + 6/n. What are the prime factors of ((-1 - 27) + s)/(-1)?
5
Suppose 2*p = -4*p + 18. Suppose -5*j - 9 = -3*h, 2*j + 3 + 3 = 2*h. Suppose -5*o + p*k + 41 = -33, j = -k + 2. What are the prime factors of o?
2
Suppose 0*g + 4*g - 860 = 0. Suppose 0 = -3*v - 2*v - g. Let q = v - -66. List the prime factors of q.
23
Suppose -2*k = -4*q - 6*k + 6428, -4*q + 6434 = 2*k. List the prime factors of q.
2, 5, 7, 23
Let i(t) = t**3 - 12*t**2 + 12*t - 3. Let p be i(11). Let x = 10 + p. Suppose -2*m - m + x = 0. What are the prime factors of m?
2, 3
What are the prime factors of 1 + 203 + -50 + 49?
7, 29
Suppose 32465 = 24*i + 19*i. List the prime factors of i.
5, 151
Let z = 595 - 251. List the prime factors of z.
2, 43
Suppose 4*x = 0, 0 = 3*g + 52*x - 53*x - 1203. What are the prime factors of g?
401
Suppose q + 252 = 13*q. List the prime factors of q.
3, 7
Let g = -10 - -6. Let m be (-2 + 9/12)*g. Let y(o) = o + 11. What are the prime factors of y(m)?
2
Suppose 5*q = 3*y - 1279, -4*y + 1146 = 5*q - 606. What are the prime factors of y?
433
Suppose 2*z = -3*d - 3*z + 588, -d + 3*z = -196. Suppose -3*n - d = -7*n. List the prime factors of n.
7
Suppose w - 3*k + 932 = 2395, -20 = -4*k. What are the prime factors of w?
2, 739
Suppose 3*s - 3014 = -t + 6*s, -s = t - 3010. What are the prime factors of t?
3011
What are the prime factors of (88 - 15)/(2/10)?
5, 73
Suppose 0 = 5*s - 13 - 7. Suppose 16 = -s*w + 8. Let b(u) = -19*u - 3. What are the prime factors of b(w)?
5, 7
Let p = -94 - -269. List the prime factors of p.
5, 7
Let y(p) = -14*p - 12. Let v(d) = 21*d + 18. Let u(b) = -5*v(b) - 8*y(b). List the prime factors of u(5).
41
Suppose 3*d - 318 = 117. List the prime factors of d.
5, 29
List the prime factors of 1/6 + 31172/24.
3, 433
Suppose 0 = -17*l + 159 + 3462. List the prime factors of l.
3, 71
Suppose 16 = -b - 3*b, 2*b = 5*g - 23. Suppose 4*m + k = 3*k + 270, -g*k + 321 = 5*m. List the prime factors of m.
2, 3, 11
Suppose 4*n + 62 = 2*g, 23 = -5*n - 2. Let a be (984/9)/(14/g). Let i = -107 + a. List the prime factors of i.
3, 19
Let d = 940 + -656. What are the prime factors of d?
2, 71
Suppose 1791 = 3*t - 222. Suppose 2*x - t = -r, -3*r + 2*r = -2*x + 661. List the prime factors of x.
3, 37
List the prime factors of (41/4)/1*4.
41
Let s = 254 + -382. Let p be 1/2 - 131/2. Let r = p - s. What are the prime factors of r?
3, 7
Suppose 3*t + 4*r = 0, -2*r - 10 = -0*t - t. Suppose -24 = -3*i + t*n - 1, 0 = -i + 2*n + 7. What are the prime factors of i?
3
Let l be 175/(-10)*16/(-5). Suppose 2*d - 4*k - l = 0, -3*k + 40 = 4*d - 83. Let t = -23 + d. List the prime factors of t.
7
List the prime factors of (-305048)/(-85) + (-2)/(-10).
37, 97
List the prime factors of (-9084)/(-9)*75/50.
2, 757
What are the prime factors of 23781/15 + 304/40 + -8?
5, 317
Suppose 4*m - 2*i - 50 = 0, 3*m - 19 - 17 = 3*i. Let c = 11 - m. List the prime factors of c*1*23/(-2).
23
Let k = -42 + 43. Let r = 4 + 0. Suppose r - k = f. List the prime factors of f.
3
Suppose 47*u = 31988 + 8855. List the prime factors of u.
11, 79
Let m = 6 - 40. Let k = m + 102. List the prime factors of k.
2, 17
Suppose -4*d + 2 = -2*x, 0 = -d + 2*d + 2. Let q(w) = -13*w - 27. Let o(c) = -4*c - 9. Let l(m) = -17*o(m) + 6*q(m). What are the prime factors of l(x)?
41
Suppose 4*x - 6 = -2*g, x - 30 = -4*x + 5*g. Suppose 3*a - 371 = -4*b, -8*a + 7*a - b + 124 = 0. Suppose x*f = a - 26. What are the prime factors of f?
3, 11
Let p(n) = -4*n**3 + 31*n**2 - 4*n + 44. Let d(o) = o**3 - 10*o**2 + o - 15. Let b(j) = 7*d(j) + 2*p(j). What are the prime factors of b(-9)?
73
Suppose n + 19 = 6. Let f = -1 - -19. Let a = f + n. What are the prime factors of a?
5
Suppose 35 = -b + 6*b. Suppose 51 = -6*f + b*f. What are the prime factors of f?
3, 17
Suppose 0 = 3*y - 8*j + 12*j - 437, 4*y + 4*j - 580 = 0. List the prime factors of y.
11, 13
Suppose -25722 - 4523 = -23*c. What are the prime factors of c?
5, 263
Suppose -7 = -6*x + 23. Let t(q) = q**2 + 4*q - 16. What are the prime factors of t(x)?
29
Let c be (40/(-50))/((-1)/5). Suppose -3*l + c*i + 95 = 0, -4*i = -4*l - i + 122. List the prime factors of l.
29
Let m(c) = 1 - c**2 + 10 + 4 - 6 - 17*c. What are the prime factors of m(-11)?
3, 5
Let o = 1661 - 383. What are the prime factors of o?
2, 3, 71
Let p(c) = -c**2 + 15*c + 34. Let b be p(17). Let x(i) = -i**2 + i + 80. What are the prime factors of x(b)?
2, 5
Suppose 0*l + 168 = 3*l. Suppose 4*q - 8 = -2*x, -4*q + 2*q - l = -5*x. What are the prime factors of x?
2, 5
Let h(t) = -t + 80. Let l be h(0). Let g be ((-115)/15)/(1/(-6)). Let m = l - g. What are the prime factors of m?
2, 17
List the prime factors of 21 + -8 - 15 - (-1730 - -2).
2, 863
Let h(v) = v**3 + 4*v**2 + 2*v - 1. Let g be 3*(-2)/(-18)*-9. Let w be h(g). Suppose -4*s + w = -o, -3*o + 67 = o - s. What are the prime factors of o?
2, 3
Suppose 147 = -3*p - 4*p. Let d = p + 38. Suppose -2*b + 1 = -d. List the prime fact